*y + 4*y - 4. Let q(r) = -7*r - 6. Suppose 5*l + s = l - 14, 0 = 4*s - 8. Let b be q(l). What is the greatest common factor of b and y?
2
Let x = 23 + 2. Let p(m) = 5*m - 13. Let i be p(4). Suppose 2*b + x = i*b. Calculate the greatest common factor of b and 10.
5
Let j = 410 - 266. Suppose -26 - j = -3*s - 5*h, 0 = s + 5*h - 70. Calculate the greatest common divisor of s and 10.
10
Suppose -5*n = -2*i - 166, 3*i + 101 = 5*n - 63. Calculate the highest common divisor of n and 153.
17
Let y be (-2 - 32/10)*-5. Let a = 647 + -361. Calculate the highest common divisor of a and y.
26
Let q = -12 - -15. Suppose q*u = 20 - 11. What is the greatest common factor of 12 and u?
3
Let x = 5 - 9. Let m(h) = -h**2 - 5*h**2 - 4 - 2*h**3 - 3*h**2 + 4*h**2. Let s be m(x). What is the greatest common factor of 4 and s?
4
Let o = 8 - 5. Let m = 5 + o. Let t(f) = f**2 + 4*f + 3. Let n be t(-5). What is the highest common divisor of n and m?
8
Let h(w) = 10*w**2 - w + 1. Let d = 4 - 3. Let r be h(d). What is the greatest common factor of 90 and r?
10
Suppose 0 = -2*r + 18 - 6. Calculate the highest common divisor of r and 54.
6
Suppose 5*z + b = 37, 2*z = 6*z + 2*b - 26. Calculate the highest common factor of 24 and z.
8
Let f(y) = -36*y. Let j be f(-5). Let w be -1 - (-6)/(12/(-4)). Let t(o) = -o**3 + o - 4. Let c be t(w). Calculate the greatest common factor of j and c.
20
Let y = 44 + -30. Let v = 254 - 128. What is the highest common factor of y and v?
14
Let a = -31 + 45. Let h be 4/a + 1460/35. What is the highest common factor of h and 6?
6
Let q = 15 - 12. Suppose -q*z = -0*z - 27. Suppose -3*h + 3*l = -0*l - 291, 4 = 2*l. What is the greatest common divisor of z and h?
9
Let r(m) = m**2 - 10*m + 12. Let g be r(10). Suppose -2*l = 3*j - 35 - 23, l + 34 = 2*j. What is the greatest common factor of j and g?
6
Suppose -52 = -6*l + 104. Calculate the greatest common factor of l and 208.
26
Suppose -2*f - f = 27. Let i = f - -33. Calculate the highest common factor of 12 and i.
12
Suppose -2*k - 7*t + 3*t = -4, 0 = -4*k + t + 53. Let v be k*((-30)/8)/(-1). What is the greatest common factor of v and 30?
15
Let r = 8 + -5. Suppose 0 = -3*q - 3*c + 33, 2*c + 2*c = r*q - 12. Let h be 4/q + 3/6. Calculate the highest common divisor of 1 and h.
1
Let b be (16/10 - 2)*-15. Let i = 4 + -2. Let w be i/7 + 19/7. What is the highest common divisor of w and b?
3
Let w = 3 - 0. Suppose -2*h - 4 = -w*h. Suppose 20 = 4*q + h*d, 0 = -q - 2*d - d - 1. Calculate the highest common factor of 40 and q.
8
Let c be (30/9)/(1/3). Suppose 5*g = -4*u + 73, c = 3*u + 2*u. Calculate the highest common divisor of g and 13.
13
Let b be (33/(-6) + 2)*2. Let o = b + 9. Suppose -d = -o*d + 6. What is the greatest common divisor of 66 and d?
6
Let w(n) be the third derivative of -1/120*n**6 + 2*n**2 - n**3 + 0*n + 0 + 7/24*n**4 + 1/20*n**5. Let c be w(4). What is the greatest common factor of c and 2?
2
Let d = 1 - 2. Let c = d + 8. Calculate the greatest common divisor of c and 14.
7
Let r = 111 - 106. Let n(j) = j**2 - 2. Let d be n(-2). Calculate the highest common factor of r and d.
1
Let w be (5 - 4)/((-1)/(-6)). Let l(c) = -c**3 + 6*c**2 + 6*c + 4. Let s be l(w). Calculate the highest common divisor of s and 5.
5
Suppose v + 2*v = 27. What is the highest common factor of v and 18?
9
Let x(t) = -t**2 + 16*t - 8. Let c be x(7). Suppose 4*s + c = -s. Let l = -5 - s. What is the highest common factor of 4 and l?
2
Let w = -347 - -612. Suppose 0 = 3*v - v - 3*y - 257, -2*v - 5*y = -w. Calculate the greatest common factor of 52 and v.
26
Suppose 0 = -3*s + 12, f - 144 = -3*f + 3*s. Let j = f - 18. What is the highest common divisor of 42 and j?
21
Suppose -17 = -5*u + 33. Let d(q) = q**2 - 12*q + 15. Let w be d(u). Let a = w + 31. What is the highest common divisor of 13 and a?
13
Suppose 4*g - 234 + 48 = 2*u, 3*g - 117 = -3*u. Calculate the highest common factor of 22 and g.
22
Suppose 2 = 3*q - 46. What is the highest common factor of q and 8?
8
Let z be (-80)/15*15/(-4). Calculate the highest common divisor of z and 5.
5
Let c = -42 - -62. Suppose g + 40 = -3*h + 158, -366 = -3*g - 3*h. Let v = 96 + g. What is the greatest common factor of c and v?
20
Let z(a) = -30*a + 5. Let v be z(4). Let r = v - -169. Suppose -2*g + 5*g = r. Calculate the greatest common factor of g and 2.
2
Let t(k) = -k**3 + k**2 + 3*k - 2. Let x be t(2). Suppose -q - 2 + 5 = x. What is the greatest common divisor of 12 and q?
3
Let p(g) = 2*g**2 - g + 4. Let u be p(-3). Calculate the highest common factor of 10 and u.
5
Let d = 28 + -18. Let a(r) = -r + 1. Let h(c) = -2*c**2 - 9*c + 6. Let u(s) = 6*a(s) - h(s). Let m be u(-2). What is the greatest common divisor of m and d?
2
Suppose -2*j + 466 = -g, j = -j + 2*g + 464. Calculate the greatest common divisor of 26 and j.
26
Let s(p) = -17*p - 4. Let n be s(-3). Let a = n - 33. Suppose -3*w - 2*u + 334 = -u, 232 = 2*w - 4*u. Calculate the greatest common divisor of w and a.
14
Let w(r) = -r**2 - 5*r + 8. Let j be w(-6). Let m be -114 + j + 0 - 0. Let q = 238 + m. What is the highest common factor of q and 18?
18
Let t be (-9)/(((-30)/(-44))/(-5)). What is the greatest common factor of 99 and t?
33
Suppose 2*v = -o + 83, 0 = 4*o + v + 94 - 454. Calculate the highest common divisor of o and 26.
13
Let z be 2/10 - (-4186)/70. What is the highest common divisor of 30 and z?
30
Let y = 53 + -33. What is the highest common factor of 40 and y?
20
Let z be ((-72)/(-12))/(1/14). Calculate the highest common divisor of 56 and z.
28
Suppose -373*n + 376*n - 6 = 0. What is the highest common divisor of 4 and n?
2
Suppose 2 + 4 = 2*x. Suppose c + 1 = -j, -5*j + x*c + 21 = -2*j. Let g = j - 1. What is the highest common factor of 6 and g?
2
Suppose t - 3*t + 8 = 0. Suppose -20 = -i - t*i. Let k be (38/(-4))/((-2)/i). What is the greatest common factor of 76 and k?
19
Let r = 8 + 2. Let l be 69/21 - 4/14. Suppose l*n + 5*q - 65 = 0, -5*q = -4*n - 3*q + 52. Calculate the greatest common factor of n and r.
5
Let r(y) = y**2 - 2*y + 11. Let q be 30/(-4)*(4 + -2). Let u = q + 26. Let f be r(u). What is the greatest common divisor of 10 and f?
10
Let a = 244 - 46. What is the greatest common divisor of 22 and a?
22
Let o = 8 - 6. Suppose -2*t - 8 = o*j, 6*t + 28 = 3*j + t. Suppose -s = 6*g - 4*g + j, 0 = 3*s + 4*g - 1. What is the greatest common divisor of 3 and s?
3
Let a be (-1 - -2) + (-2 - -2). Let i(l) = 5*l. Let z be i(6). Suppose 10 = 2*b + 3*t, -z = -5*b - 5*t - 5. Calculate the greatest common divisor of b and a.
1
Suppose -z - 3*z = 2*l - 24, -12 = -l + 5*z. Calculate the highest common divisor of 96 and l.
12
Suppose -15*p + 151 + 119 = 0. What is the highest common divisor of p and 288?
18
Let z(w) be the second derivative of w**4/6 - w**3/3 - w**2/2 - 3*w. Let g be z(2). Suppose g*x - 96 = x. Calculate the greatest common factor of 6 and x.
6
Suppose -3*f - 9 = -3*p, -6*p = -2*p + 5*f - 21. What is the highest common factor of 44 and p?
4
Let z = 41 + 11. Calculate the highest common factor of 13 and z.
13
Let w = 29 - 17. What is the greatest common factor of 12 and w?
12
Let m be 4 + 5/(5/(-2)). Suppose 3*t - 49 = 3*o - 8*o, 0 = -m*o + 10. Calculate the highest common factor of 8 and t.
8
Suppose -5*f + 12 = -f, -4*f - 120 = -g. Suppose g = 12*i - 8*i. Suppose -5*q + 25 = 0, w - 2*q + 1 + 6 = 0. Calculate the greatest common factor of i and w.
3
Let p(o) = -4*o + 4. Let q be p(0). Let a(y) = -y**3 + 11*y**2 - 7*y + 6. Let w be a(10). Calculate the highest common divisor of w and q.
4
Suppose -u - 6 = -4*r, 2 = -4*r - 3*u - 0. Let a = 1 + r. Suppose -5*k = -2*w - 13, -3*w - k = -a*k. What is the highest common factor of 9 and w?
1
Let y(d) = 3*d**2 + d - 1. Let r = -3 + 9. Suppose -4*w + r = 2. Let l be y(w). What is the greatest common divisor of l and 9?
3
Let g = 0 - -7. Suppose 2*o = -2*x + 134, 0 = -3*o + g*o + 3*x - 264. Calculate the greatest common factor of 7 and o.
7
Let i(d) = d - 8. Let g be i(11). Let q(m) = 4*m**2 - 7*m. Let k be q(g). What is the greatest common factor of k and 60?
15
Let w(z) = z - 12. Let x be w(16). Calculate the greatest common divisor of x and 10.
2
Let o be (5/2)/((-2)/(-328)). What is the greatest common factor of 41 and o?
41
L